f 522 and z?
18
Let s be ((-20)/15)/2 + (-4612)/(-6). Suppose -4*g - 113 = -4*l + 67, 4*l - 2*g = 186. What is the greatest common divisor of l and s?
48
Let f be 5/(10/3) - (12 + (-2088)/16). What is the greatest common divisor of 165 and f?
15
Suppose b = -l - 93 + 355, l + 4*b = 253. Let j(d) = d**2 + 6*d - 28. Let p be j(11). Calculate the highest common factor of p and l.
53
Let i(d) = -d - 1. Let q(l) = -16*l - 80. Let j(g) = -8*i(g) + q(g). Let c be j(-11). Calculate the greatest common divisor of c and 32.
16
Let n(a) = -83*a - 1567. Let w be n(-58). What is the highest common divisor of 34 and w?
17
Suppose -5*k + 1768 = 3*k. Let y = -170 + k. Calculate the greatest common factor of y and 51.
51
Let f = 65 + -13. Suppose -l - 113*x + 16 = -111*x, 3*l + 5*x - 46 = 0. Calculate the greatest common divisor of l and f.
4
Let b be (-301)/(-35) + (-2)/(-5) + -4. Suppose n + 55 = 3*n + b*i, 0 = -2*i + 6. Let v be -1 + 32 - 40/n. Calculate the greatest common factor of v and 261.
29
Suppose 2*v + 4*n = 1840, 36*n = 5*v + 41*n - 4625. Calculate the greatest common factor of 960 and v.
30
Let f be ((-6)/21)/((-24)/28) + (-26182)/(-114). What is the greatest common factor of 322 and f?
46
Let u = 4818 - 4766. Let i(c) = 12*c**3 - 3*c + 1. Let o be i(2). What is the greatest common factor of u and o?
13
Suppose 64 = 2*l + m + m, -3*l + 96 = m. Let b be 2/4 - (236670/28)/(-23). What is the highest common factor of b and l?
16
Let z(g) = -5*g. Suppose -36*k + 1 = -37*k. Let l be (-3 + 3)*k - (10 - -5). Let x be z(l). Calculate the greatest common factor of x and 15.
15
Let g be (4 - 3) + -7 + 30. Suppose 107 = g*x + 11. Suppose 13 + 17 = 3*m. Calculate the highest common divisor of x and m.
2
Let m = -349 - -377. Let k be (12/7)/(m/2842). Calculate the greatest common divisor of 232 and k.
58
Let w = -819 + 1074. Calculate the highest common divisor of w and 90.
15
Let a be (-3)/10 + (-2781)/(-270). Let y be 3 + 0/1 + 227. Calculate the greatest common divisor of a and y.
10
Let s be (-9)/(-6)*48/18. Suppose -7*o + 280 = -3*o. Let l be 7/(o/s) - (-76)/10. What is the highest common factor of l and 24?
8
Let v(w) = -178*w - 645. Let b be v(-6). Calculate the highest common factor of b and 47.
47
Let q = 12413 + -12391. Let v = -1 + 5. Suppose -2*d = 2*j - 32, -4*d - 5 = -v*j - 29. What is the highest common divisor of d and q?
11
Suppose 26*s = 23*s - x + 1313, 1781 = 4*s - 3*x. What is the highest common factor of 2805 and s?
55
Suppose 5*r = -10, 2*s - 568 = 2*r - 5*r. Suppose 5*i + 127 = 5*a + 3*i, -a + 4*i = -11. Let d = a - -14. Calculate the highest common factor of s and d.
41
Let y(d) = 3*d**2 + 13*d - 42. Let g be y(8). Let k = 286 - g. Calculate the highest common divisor of k and 80.
16
Let k(c) = -2*c + 76. Let w be k(7). Let l be (54 - 57)*(w/(-3) - 1). Calculate the greatest common divisor of 52 and l.
13
Let b be 18*-3*(-20)/18. Let d be (-16)/(-24)*9/30 - (-1791)/45. What is the greatest common factor of d and b?
20
Let t = -20747 + 20763. Calculate the greatest common divisor of t and 19728.
16
Let f be 5531 + -335 - -1*(-15 + 2). Calculate the highest common factor of f and 803.
73
Suppose -2*b - 2*a + 12 = -4, 4*b - 3*a = 11. Let z be ((-6)/(-4))/(5/100*b). Let s be ((-44)/6)/(z/(-27)). What is the greatest common factor of 11 and s?
11
Let q(m) = m**2 + 19*m - 11. Let x be q(-22). Suppose x + 23 = 3*b. Calculate the greatest common divisor of b and 130.
26
Let u = -22 + 36. Let a(g) = -4*g + 48. Suppose -c = q - 8, q + 3*q = c + 7. Let p be a(c). Calculate the greatest common divisor of u and p.
14
Let p be (131 - (19 + -10))/1. What is the greatest common divisor of p and 34?
2
Let p(c) = 7*c**2 - 64*c - 424. Let f be p(-12). What is the highest common factor of f and 16?
8
Let m be (8/(-12))/((-4)/174). Let h(n) = n**2 - 2*n - 8. Let s be h(4). Suppose -o + 0*o + 116 = s. What is the highest common factor of o and m?
29
Let i be (17/3)/((22/6)/(-11)). Let k be 130760/1190 - 2/i. What is the highest common factor of k and 22?
22
Let c(o) = -o**3 - 15*o**2 - o + 3. Let n be c(-16). Let i be 4/(-10) - (-11)/(n/2385). Let b = 155 - i. What is the greatest common divisor of 12 and b?
12
Suppose 5*f + 3091 = 6*d - 3*d, -5*d + 3*f = -5173. Calculate the highest common divisor of d and 34.
17
Let o be 2/(-5) - (-186)/15. Let r be (-8 - 8) + (183 - -25). What is the highest common divisor of o and r?
12
Let i(l) = 3*l**2 + 3*l + 99. Let d be i(8). Suppose -3*w - 34 = -139. Calculate the highest common divisor of w and d.
35
Let q be ((-10)/(-20))/(1/2). Let c be 60 - q/(4/16). Let b = -46 + c. What is the highest common factor of 15 and b?
5
Suppose 2*j + 5*z + 7535 = 7*j, -4*j - 4*z = -6036. Calculate the greatest common divisor of j and 348.
116
Let l be 3 + (-7)/3 + 10/(-15). Suppose -2*z + 42 = -l*z. Suppose -3*j - 2*o = -307, -4*j + 47 = o - 369. Calculate the greatest common factor of z and j.
21
Let t be (-6)/((12/16)/((-3)/12)). Suppose z + 9 = 10, -t*i = 5*z - 29. What is the greatest common divisor of 20 and i?
4
Suppose 5*m - 114*i = -117*i + 36957, 0 = -4*m - 4*i + 29564. Calculate the greatest common factor of m and 231.
231
Suppose 3*m + m = 12. Let u(v) = -473*v + 3119. Let n be u(6). Suppose r + c + 373 = 5*r, -m*r + n = -2*c. Calculate the greatest common divisor of r and 62.
31
Let s be ((-2976)/(-90) + (-4)/10)/((-76)/(-342)). Calculate the highest common factor of s and 672.
21
Let p be 15680/(-4312)*(-23 + 1). What is the greatest common factor of 1152 and p?
16
Let k(n) = -n - 3*n - 10*n - 3*n**2 - 4 - 5*n. Let h be k(-4). What is the greatest common factor of h and 20?
4
Let v(q) = 22*q - 234. Let i(g) = -10*g + 117. Let j(t) = 9*i(t) + 4*v(t). Let w be j(28). What is the greatest common factor of 244 and w?
61
Let s(c) = 9*c**2 - c - 6. Let y be s(3). Let q = y - 76. Let j be (-6 - 51/(-6)) + (-2)/q. Calculate the highest common divisor of 21 and j.
3
Let u(d) = 1098*d - 379. Let y(a) = -365*a + 126. Let b(o) = -6*u(o) - 17*y(o). Let n be b(-3). What is the greatest common factor of n and 21?
21
Suppose 39*v + 6*v = 17*v + 122696. Calculate the greatest common divisor of v and 28.
14
Let g = 46663 + -46602. Let u be 2*2/(-12)*-183. What is the highest common factor of g and u?
61
Let y be -103 + 109 + ((-2)/(-1) - -30). Let u(i) = -22*i + 4. Let w be u(-5). What is the highest common divisor of y and w?
38
Suppose -l + 2*m + 9 = 0, m + 15 = 2*l - 2*m. Suppose -128 = -2*a - 15*p + 10*p, -3*a = -p - 209. Calculate the highest common factor of a and l.
3
Suppose 37 + 3 = d. Suppose 23 = w + 2*m - 24, 3*w - 4*m - 151 = 0. Suppose 6*n + 344 = w*n. What is the greatest common divisor of n and d?
8
Suppose 0 = -3*h + 5*d + 915, 3*d - 551 = -533. Calculate the greatest common divisor of 7385 and h.
35
Let v be (-10)/(50/15) + 4*2. Let o be 3/5 - 3/5. Suppose o = v*m - 45 + 10. Calculate the highest common factor of m and 28.
7
Let j(l) = -2*l**3 - 35*l**2 - 129*l - 15. Let d be j(-5). What is the greatest common divisor of 1180 and d?
5
Let p(r) = r**3 - 10*r**2 + 28*r - 4. Let g be p(7). What is the highest common factor of 165 and g?
15
Let b(c) = 109*c**2 + 204*c + 417. Let u be b(-2). Calculate the highest common divisor of u and 3293.
89
Let c = -316 - -457. Suppose 4*t - 5*a - 432 - 442 = 0, -t = 5*a - 181. Let p = t - c. Calculate the highest common divisor of p and 14.
14
Suppose 5*j - 91 = 3*n - 69, -4*j + 4*n + 24 = 0. Calculate the greatest common divisor of j and 1236.
2
Let f be -1 - (3865/(-45) + (-8)/72). Let k be f/((-1)/(-2) - 0). Let q = -80 - -148. Calculate the greatest common factor of k and q.
34
Let c = -315 - -176. Let k = c + 191. Calculate the highest common factor of k and 234.
26
Let j(a) = 2*a**3 - 12*a**2 + 40*a + 23. Let x be j(4). Calculate the highest common divisor of 3689 and x.
119
Suppose -3 - 7 = -5*j. Suppose 4*d - 52 = -32. Suppose -5*w + j*h + h = -90, 2*w - 36 = d*h. What is the greatest common factor of 2 and w?
2
Let p(z) = -11*z**2 - 2*z + 53*z**2 + 6 + 0*z + 5*z. Let s be p(2). What is the greatest common divisor of 72 and s?
36
Suppose 191*m = 188*m + 129. What is the greatest common factor of 9761 and m?
43
Let k be (-4)/(-14) + 340/(-14). Let n = 34 + k. Suppose 4*l +